
True
Is 86 a factor of 5160?
True
Does 11 divide 2475?
True
Does 64 divide 448?
True
Is 9 a factor of 5369?
False
Is 2 a factor of 2416?
True
Is 36 a factor of 972?
True
Is 95 a factor of 994?
False
Is 17 a factor of 5186?
False
Is 2096 a multiple of 99?
False
Is 24 a factor of 61152?
True
Does 104 divide 2648?
False
Does 25 divide 8978?
False
Is 1322 a multiple of 25?
False
Is 1000 a multiple of 20?
True
Does 20 divide 6249?
False
Is 247 a multiple of 19?
True
Is 21588 a multiple of 42?
True
Is 158 a factor of 10986?
False
Is 106 a factor of 16642?
True
Is 17 a factor of 1736?
False
Is 35 a factor of 1085?
True
Is 334 even?
True
Is 69 a multiple of 23?
True
Is 8 a factor of 312?
True
Is 23 a factor of 79?
False
Is 7 a factor of 629?
False
Is 21 a factor of 1512?
True
Is 10 a factor of 630?
True
Is 408 a multiple of 24?
True
Is 429 even?
False
Does 4 divide 675?
False
Is 16293 a multiple of 58?
False
Is 14 a factor of 3228?
False
Does 3 divide 24?
True
Is 37 a factor of 52133?
True
Is 15171 a multiple of 34?
False
Is 79 a factor of 9559?
True
Is 21 a factor of 681?
False
Does 31 divide 558?
True
Does 67 divide 1474?
True
Is 84 a factor of 1764?
True
Is 10260 a multiple of 57?
True
Is 189 a multiple of 9?
True
Does 34 divide 612?
True
Does 5 divide 365?
True
Is 11 a factor of 4125?
True
Is 270 a multiple of 20?
False
Is 199 a factor of 36551?
False
Does 86 divide 993?
False
Does 161 divide 75423?
False
Is 3241 a multiple of 18?
False
Does 16 divide 32592?
True
Is 19 a factor of 760?
True
Is 43 a factor of 5719?
True
Is 74 a factor of 592?
True
Is 24 a factor of 216?
True
Does 189 divide 34020?
True
Is 14098 a multiple of 106?
True
Is 1327 a multiple of 56?
False
Is 267 a multiple of 5?
False
Does 24 divide 2384?
False
Is 23 a factor of 2806?
True
Is 19 a factor of 7866?
True
Does 44 divide 44792?
True
Does 16 divide 1181?
False
Does 3 divide 429?
True
Does 38 divide 24054?
True
Is 66 a factor of 23100?
True
Does 24 divide 423?
False
Is 7 a factor of 203?
True
Does 8 divide 14215?
False
Is 8 a factor of 87392?
True
Is 20083 a multiple of 7?
True
Is 152 a factor of 456?
True
Is 1522 a multiple of 13?
False
Is 486 a multiple of 9?
True
Does 42 divide 14681?
False
Does 16 divide 75?
False
Is 14 a factor of 224?
True
Is 10 a factor of 1183?
False
Does 136 divide 1904?
True
Is 276 a multiple of 6?
True
Is 8166 a multiple of 37?
False
Is 57 a factor of 33687?
True
Is 8011 a multiple of 18?
False
Does 37 divide 259?
True
Is 4 a factor of 2860?
True
Does 53 divide 936?
False
Is 34 a factor of 469?
False
Is 45218 a multiple of 167?
False
Does 53 divide 10029?
False
Does 76 divide 56164?
True
Is 684 a multiple of 12?
True
Is 109 a factor of 1762?
False
Is 2700 a multiple of 12?
True
Is 129 a multiple of 9?
False
Does 32 divide 1792?
True
Is 5441 a multiple of 49?
False
Does 6 divide 17730?
True
Is 184 a multiple of 8?
True
Does 37 divide 6591?
False
Does 8 divide 1224?
True
Is 1920 a multiple of 6?
True
Is 86 a factor of 15178?
False
Does 63 divide 70686?
True
Is 3027 a multiple of 13?
False
Does 29 divide 339?
False
Is 9 a factor of 2304?
True
Is 5 a factor of 299?
False
Does 46 divide 6292?
False
Does 2 divide 53?
False
Is 3 a factor of 409?
False
Does 10 divide 60?
True
Is 531 a multiple of 22?
False
Is 44 a factor of 918?
False
Does 125 divide 9559?
False
Does 13 divide 15?
False
Does 10 divide 688?
False
Is 52060 a multiple of 18?
False
Is 3488 a multiple of 109?
True
Is 4530 a multiple of 14?
False
Is 60 a factor of 13560?
True
Is 10324 a multiple of 116?
True
Does 103 divide 476?
False
Is 942 a multiple of 53?
False
Is 3239 a multiple of 79?
True
Does 9 divide 246?
False
Is 2 a factor of 390?
True
Is 1536 a multiple of 6?
True
Does 144 divide 32428?
False
Does 15 divide 4875?
True
Is 106 a factor of 8501?
False
Is 32 a factor of 223?
False
Is 8 a factor of 16?
True
Does 26 divide 92655?
False
Is 5374 a multiple of 50?
False
Is 24 a factor of 43?
False
Is 44000 a multiple of 16?
True
Does 67 divide 13735?
True
Is 594 a multiple of 11?
True
Is 9 a factor of 1759?
False
Does 18 divide 684?
True
Does 37 divide 4017?
False
Is 13 a factor of 3282?
False
Is 10 a factor of 2984?
False
Does 27 divide 397?
False
Is 5194 a multiple of 14?
True
Does 141 divide 20727?
True
Is 35 a factor of 280?
True
Is 8931 a multiple of 129?
False
Is 5 a factor of 6690?
True
Does 14 divide 698?
False
Is 818 a multiple of 50?
False
Is 3 a factor of 1322?
False
Is 9 a factor of 256?
False
Is 144 a multiple of 10?
False
Is 406 a multiple of 29?
True
Is 3465 a multiple of 68?
False
Is 49 a factor of 9111?
False
Does 3 divide 79?
False
Does 42 divide 114240?
True
Does 34 divide 10472?
True
Does 5 divide 3510?
True
Is 19360 a multiple of 23?
False
Is 2436 a multiple of 21?
True
Does 35 divide 18607?
False
Is 54 a factor of 3456?
True
Is 36 a factor of 395?
False
Is 83470 a multiple of 20?
False
Does 92 divide 22493?
False
Is 7 a factor of 32942?
True
Does 10 divide 5870?
True
Is 7834 a multiple of 2?
True
Does 301 divide 40936?
True
Is 5735 a multiple of 132?
False
Does 14 divide 7782?
False
Is 23 a factor of 147824?
False
Does 8 divide 1104?
True
Is 2 a factor of 745?
False
Is 14 a factor of 31066?
True
Does 3 divide 1018?
False
Is 18630 a multiple of 69?
True
Does 23 divide 644?
True
Is 5989 a multiple of 53?
True
Does 10 divide 370?
True
Is 14039 a multiple of 101?
True
Is 126 a multiple of 21?
True
Is 85 even?
False
Is 1985 a multiple of 3?
False
Is 408 even?
True
Does 103 divide 721?
True
Is 41 a factor of 5166?
True
Is 29 a factor of 1769?
True
Does 23 divide 4278?
True
Is 1038 a multiple of 8?
False
Does 94 divide 1772?
False
Is 18673 a multiple of 16?
False
Is 17340 a multiple of 15?
True
Does 17 divide 1768?
True
Does 11 divide 1971?
False
Is 10 a factor of 6210?
True
Is 12 a factor of 37500?
True
Is 37 a factor of 507?
False
Does 4 divide 12098?
False
Is 59 a factor of 1664?
False
Does 2 divide 146?
True
Is 114 a factor of 42864?
True
Is 21 a factor of 21?
True
Is 8253 a multiple of 14?
False
Is 108999 a multiple of 297?
True
Does 60 divide 2696?
False
Is 800 a multiple of 50?
True
Does 10 divide 5340?
True
Is 100741 a multiple of 55?
False
Is 64240 a multiple of 40?
True
Is 15 a factor of 2753?
False
Is 340 a multiple of 66?
False
Is 370 a multiple of 15?
False
Does 10 divide 6758?
False
Is 8232 a multiple of 70?
False
Is 9 a factor of 288?
True
Is 11 a factor of 1540?
True
Is 2700 a multiple of 50?
True
Is 16 a factor of 58611?
False
Is 27 a factor of 459?
True
Is 5085 a multiple of 9?
True
Is 59 a factor of 16166?
True
Does 29 divide 4669?
True
Is 57 a factor of 11790?
False
Is 617 a multiple of 18?
False
Is 97 a factor of 9506?
True
Is 20 a factor of 900?
True
Is 11 a factor of 531?
False
Does 49 divide 196?
True
Does 7 divide 1652?
True
Does 9 divide 10867?
False
Does 9 divide 21240?
True
Is 387 a multiple of 3?
True
Is 795 a multiple of 18?
False
Is 103 a factor of 11197?
False
Does 19 divide 41952?
True
Is 11 a factor of 94?
False
Does 9 divide 162?
True
Is 189 a multiple of 3?
True
Is 9 a factor of 3887?
False
Is 110 a factor of 5280?
True
Is 55 a factor of 7284?
False
Does 12 divide 9636?
True
Does 14 divide 476?
True
Is 2240 a multiple of 7?
True
Is 88 a factor of 1410?
False
Is 165 a factor of 86130?
True
Does 28 divide 364?
True
Does 61 divide 732?
True
Is 1183 a multiple of 54?
False
Is 4 a factor of 835?
False
Does 28 divide 4418?
False
Does 80 divide 6146?
False
Is 13 a factor of 63?
False
Does 7 divide 926?
False
Does 9 divide 66097?
False
Does 216 divide 1512?
True
Is 110 a factor of 990?
True
Does 30 divide 1684?
False
Does 10 divide 1210?
True
Is 5561 a multiple of 14?
False
Is 18 a factor of 27630?
True
Is 14 a factor of 10836?
True
Does 5 divide 1444?
False
Does 15 divide 105?
True
Is 48 a factor of 8112?
True
Is 9622 a multiple of 4?
False
Is 12 a factor of 78072?
True
Is 2 a factor of 706?
True
Is 1153 a multiple of 5?
False
Does 59 divide 18904?
False
Does 14 divide 5516?
True
Does 94 divide 441?
False
Is 1577 a multiple of 19?
True
Does 96 divide 2519?
False
Is 359 a multiple of 4?
False
Is 6638 a multiple of 148?
False
Is 3 a factor of 2234?
False
Does 11 divide 1100?
True
Does 8 divide 61?
False
Does 31 divide 1674?
True
Does 57 divide 857